24*v**4 + 0 + 1/2*v**3 - 1/60*v**5 - 5*v**2 - 1/120*v**6 + 0*v. Calculate h(n).
3
Suppose 5*b = 0, 14 = 3*u + 4*b + 41. Let i(c) = c**2 + 6*c - 11. Give i(u).
16
Suppose 4*a + 5*c - 48 = 0, 3*a + 4*c - 31 = 6. Suppose -a = 2*n - 5*f, n + n + 4*f + 16 = 0. Let m(r) = -2*r + 4. Give m(n).
16
Let m(k) = k**2 - 9*k + 8. Let z be m(8). Let s(i) = 6 - i**3 + 0*i**3 + i**2 - 7 + z*i**2 + i. Determine s(2).
-3
Let i(f) be the second derivative of -f**3/2 - 7*f**2/2 + 30*f. Suppose t = 4*a + 19, -4*t - 1 = 19. What is i(a)?
11
Let p(h) = h**3 - 2*h**2 - 5*h + 4. Let z(c) = 5*c - 2. Let m be (-3 + (-4 - -6))*-1. Let b be z(m). What is p(b)?
-2
Let u(p) = 3*p + 13. Let d be u(-8). Let q = 11 + d. Let l(k) = -k**3 + k**2 - k - 4. What is l(q)?
-4
Let k(i) = 5*i**2 - 3*i - 4. Let w be k(-2). Suppose 2*c - 5*p - w = 0, c = 2*c + p + 3. Let q(f) = -16*f**3 + f**2 - 1. Determine q(c).
-16
Let a(g) = g**2 - g - 3. Let l be a(3). Suppose 0 = -l*u + 6*u. Let w(m) = u*m + 0*m - 3 + 2*m - 5*m. What is w(3)?
-12
Suppose 0 = 3*o + c - 10, 3*o = 6*o - 2*c + 2. Let n(d) = 0*d**3 + 21*d**2 - 2*d - 14*d**2 - o + d**3 - 5*d**2. Calculate n(-3).
-5
Suppose p + 0 = -3. Let b(w) = -2*w + 56 - 112 + 55 - w + 5*w. Give b(p).
-7
Let w(f) be the third derivative of f**6/144 - f**5/60 + f**4/6 - 5*f**2. Let k(x) be the second derivative of w(x). Let d = -20 - -22. Determine k(d).
8
Let j(s) = 13*s**2 + 92*s - 22. Let b(k) = -3*k**2 - 21*k + 5. Let h(a) = 9*b(a) + 2*j(a). Suppose 3*m = 2*n - 22, -5*m - 19 = -3*n + 17. Determine h(m).
-5
Let o(r) = -r**3 + 13*r**2 - 9*r + 25. Let l(u) = -u**2 - u - 1. Let g(d) = -3*l(d) - o(d). Determine g(9).
5
Let d(q) = 8*q + 32. Let i(t) = -3*t**3 + 13*t**2 + 5*t + 21. Let v be i(5). Calculate d(v).
0
Suppose 2*k + 45 = 3*i, -2*i - 3*i = -4*k - 73. Suppose 5*v = -57 + i. Let t(g) be the second derivative of g**3/6 + 2*g**2 + g. Determine t(v).
-4
Suppose s + 4*s - 280 = 0. Let x be (5 + -1)*98/s. Let j(i) = -i**2 + 5*i + 5. Give j(x).
-9
Let x(o) be the second derivative of -1/12*o**4 + 6*o + 0*o**2 + 0 + o**3. Give x(5).
5
Let a(j) = 5*j - 2. Suppose -2*k - 24 = 5*m - 10, -2*m - 10 = 3*k. Calculate a(m).
-12
Let a(s) = s**3 - 5*s**2 + 2*s - 5. Let p = 12 - 7. Let h be a(p). Suppose -5*j - h*k + 45 = 0, 0 = 5*j + 4*k - 59 + 18. Let q(d) = -d**2 + 5*d + 3. Give q(j).
3
Let i(h) = -7*h + 5. Let y(j) = 1 + 10*j + 14*j + 14*j - 39*j. Let t(w) = i(w) - 6*y(w). Determine t(-6).
5
Let o(p) = p**3 + 5*p**2 - 3*p - 1. Let n(t) = t**3 + 5*t**2 - 11*t - 7. Let w be n(-6). Let y = -28 + w. Give o(y).
14
Let v(z) be the first derivative of -z**2/2 - 5*z - 155. Determine v(-5).
0
Let v = -46 + 49. Let u(w) = 2*w**3 + 5 - 4 - 3*w - 2*w**2 + w - w**v. Calculate u(2).
-3
Let a(r) = r + 4. Let x(q) be the third derivative of -q**6/120 - 7*q**5/30 - q**4/24 - 10*q**3/3 - q**2. Let j be x(-14). Determine a(j).
-2
Let x(d) = -9*d - 1. Let l(f) = f**3 - 8*f**2 - 9*f - 4. Let w be l(9). Let c(h) = -h**3 + 2*h**2 + 2*h - 3. Let j be c(3). Let k be w/(-6)*j/4. Calculate x(k).
8
Suppose 0 = 2*s + 3*t - 5, 3*s + 15 = t + 2*t. Let w be s/2*10/(-2). Suppose w*i - 5 = -0. Let k(b) = 9*b**2 - 1. Determine k(i).
8
Let i(m) = 2*m**3 + 2*m**2 + 9*m - 5. Let c(j) = -j**3 + j**2 - j + 1. Let y(a) = 3*c(a) + i(a). Determine y(6).
-2
Let i(g) be the second derivative of g**5/20 - g**4 - 13*g**3/6 + 15*g**2/2 - 3*g - 5. What is i(13)?
15
Let c(j) = 16*j - 24. Let y(x) = -23*x + 36. Let w(a) = 7*c(a) + 5*y(a). What is w(6)?
-6
Let w(g) = -g**2 - g + 60. Let l be w(7). Let h be (0 + 1 + -2)*-4. Let b(q) = -l*q**2 - 4*q**2 + 1 + 3*q**2 + h*q**2 + 6*q**3. Determine b(1).
6
Let m(p) = -p**2 - 8*p - 2. Suppose 33*u - 192 = 57*u. Determine m(u).
-2
Let d(l) be the third derivative of -l**5/60 - l**4/8 - l**3/2 + 47*l**2 + l. What is d(0)?
-3
Let g(c) = c**3 - 1. Let w(u) = 7*u**3 + 10*u**2 + 2*u + 1. Suppose -95*k + 97*k + 12 = 0. Let y(p) = k*g(p) + w(p). Give y(-10).
-13
Let y = 13 - 20. Let g(p) = -3*p - 28. Let v(l) = 3. Let z(h) = -g(h) - 6*v(h). Determine z(y).
-11
Let s(n) = 6*n. Let h(l) = l**2 - 24*l + 32. Let j be h(23). Suppose 0 = -j*r + 1 - 10. Calculate s(r).
-6
Suppose -1 = -5*v + 9. Let k = v - 5. Let r(o) = -o**2 - 5*o - 3. Determine r(k).
3
Let x(l) = -l**3 + 5*l**2 + 5*l + 4. Let t be x(6). Let u(q) = -9*q**2 - 38*q - 5. Let w(j) = j**2 + 7*j + 1. Let z(y) = -u(y) - 5*w(y). Determine z(t).
10
Let w(j) = 3*j**2 - 3*j + 1. Let g be ((-21)/(-28) + 0)*-4. Calculate w(g).
37
Let t(j) = j**3 - 11*j**2 + 10*j - 10. Let l = -264 - -274. Determine t(l).
-10
Let c be 1/(-3) - 1276/(-174). Let i(a) = 3 + 1 + 4 + a**2 - 7*a. Determine i(c).
8
Suppose 5*u = u + 5*u. Let z(n) be the second derivative of n**5/20 + n**4/12 - 8*n**2 + n. Give z(u).
-16
Let b be 9*4/18*(-2)/(2 - -2). Let m(p) = -12*p**3 - 1 - p**2 + p**2. Give m(b).
11
Suppose 0 = 3*r + 5*d + 17, -5*d = 6*r - 5*r + 19. Let p(l) = -19*l**2 + l. What is p(r)?
-18
Let h(l) = l**2 - l - 10*l + 0 + 1 + 4*l**3 + 12*l - 8*l**3. Calculate h(2).
-25
Suppose 2*l = -3*v + 17, -5*l + 5 = 3*v - 24. Let d = l + -5. Let a(w) = -3*w + 5. Let p(o) = 3*o - 6. Let i(c) = -6*a(c) - 5*p(c). Give i(d).
-3
Let j(r) = -6*r - 2. Let i = -18 + 17. Let v be j(i). Suppose 21 = 4*o + m - 8, -v*o = 5*m - 49. Let z(x) = -x + 2. Calculate z(o).
-4
Let q = 2279 - 2267. Let w(u) = u**2 - 12*u - 12. Give w(q).
-12
Let y(q) be the third derivative of 0 - q**2 + 1/24*q**4 + 1/120*q**6 + 1/6*q**3 - 2*q + 0*q**5. What is y(-1)?
-1
Let d = 2 + -7. Let m(x) be the first derivative of x**3/3 + 5*x**2/2 - 4*x - 227. Give m(d).
-4
Let a(w) be the first derivative of -w**2 - w - 17. Let u(k) = k**2 - 10*k - 8. Let f be u(11). Let t = 0 + f. What is a(t)?
-7
Let p be 5 + 1/(2/(-8)). Let g(f) = 9*f**2 - 5*f. Let w(l) = -26*l**2 + 14*l. Let q(b) = 11*g(b) + 4*w(b). Determine q(p).
-4
Suppose 61*u = 64*u. Let a(w) = -w**3 + w + 22. Calculate a(u).
22
Suppose 0*v - 3*v - 6 = 0. Let k = v - -5. Let t(o) = -6*o + 4*o**3 - 6*o**2 - 1 + 0 - 5*o**k. Give t(-4).
-9
Let v(n) = -n**2 + 15*n - 15. Let y(p) = -3*p**2 + 35*p - 31. Let j(a) = 5*v(a) - 2*y(a). Determine j(-6).
-7
Let h(x) = x**2 + 2*x. Let l(o) = -8*o**3 - 5*o**2 - 6*o - 1. Let z(p) = 4*h(p) + l(p). Let v be 2*(15/6 - 2). What is z(v)?
-8
Let x(o) = 12*o + 21. Let a(s) = -7*s - 10. Let u(g) = 5*a(g) + 3*x(g). Calculate u(12).
25
Suppose -7*h - 2*g + 22 = -3*h, -5*h + 5*g + 5 = 0. Let i(z) be the first derivative of h*z**4 - z**4 + 3*z - 12 - 2*z. What is i(-1)?
-11
Suppose 39*v - 37*v = 0. Let o(k) = 8 + 2*k + v*k - 19 - k. Suppose 0 = -d + 2*d + 2*t - 16, 0 = 5*d + t - 35. Give o(d).
-5
Let p(r) = -r**3 - 9*r**2 - 7*r - 10. Let l be -6 + 0 + 6 - 8. What is p(l)?
-18
Let a(u) = -u**3 - 5*u**2 - 3*u + 3. Let g(j) = -j**2 - 8*j + 269. Let z be g(13). What is a(z)?
-1
Let b(p) = p**2 - 8*p - 1. Let n(o) = -5*o - 5. Let r be n(-3). Suppose -48 = -r*t + 2*t. What is b(t)?
-13
Let o(k) = -k**2 + k. Let m(c) = 1. Let g(b) = -5*m(b) - o(b). Let s(f) = -2*f - 36. Let x be s(-21). Suppose -3*j - 5*n = 19 - 4, 2*j + 2*n + x = 0. Give g(j).
-5
Let b(r) = -19*r + 11. Let y(l) = 9*l - 5. Let t(v) = 6*b(v) + 13*y(v). Let d(f) = -f**2 + 5*f + 4. Let s be d(5). Suppose 2*k - s = -2*k. Give t(k).
4
Let v = -645 - -649. Let i(p) = -p**2 + 3*p - 3. What is i(v)?
-7
Suppose 7*s + 12 = -65. Let k = -10 - s. Let i(l) = 6*l. What is i(k)?
6
Let i(o) = 29 - 96 + 2*o + 37 + 26. Let z(l) = 8*l - 1. Let t be z(1). Let m = t + -3. Determine i(m).
4
Let n be -9*1/6 + 14/4. Let l(b) = 0*b - 7*b + 0*b + 1 + b. Determine l(n).
-11
Let f(s) be the third derivative of s**4/4 + 2*s**2 - 30. Suppose 0 = -0*v + v - 2. Determine f(v).
12
Let q be 4 + -1 + -12 + 3. Let a be ((-4)/q)/((-6)/63). Let r = 2 + a. Let c(n) = n - 2. Give c(r).
-7
Suppose -2*x + i + 8 = -0*i, -4*x + 3*i = -18. Suppose 5*q + f + 0*f - 18 = 0, 4*f = 4*q. Let o(s) = -6 + 5*s**2 + s**q + 9 - 2*s**x. Give o(5).
3
Let c(r) = -3*r. Let i(o) = 8*o - 2. Let y(n) = -5*c(n) - 2*i(n). Determine y(-5).
9
Let l(v) = 6*v - 6. Let h(t) = -t + 1. Let g(m) = -5*h(m) - l(m). Calculate g(12).
-11
Let g = -26 + -4. Let z = 31 + g. Let j(r) = 3 - r**2 + 6*r + 0 + z. Calculate j(6).
4
Let g be 1*((-6)/(-1) + -5). Let a(m) = -7 + 6 + 3*m**2 - m + 3*m. Determine a(g).
4
Let k be -6 + 34 - (1 + 0). S